 highest common factor of 189 and x.
21
Suppose 36 = -4*c - 40. Let r = 34 + c. What is the greatest common factor of r and 15?
15
Let u be (-80)/(-60) - (-2 - 227/3). Calculate the highest common divisor of 395 and u.
79
Suppose -779*m + 768*m = -11. What is the greatest common divisor of m and 128?
1
Let p be (7 + -1)/(4*(-9)/(-180)). Calculate the greatest common factor of p and 1005.
15
Let j(h) = -h**2 - 6*h + 9. Let w be j(-7). Let p = 26 + -42. Let x = p - -18. Calculate the greatest common factor of x and w.
2
Let w = -76 - -211. Calculate the highest common divisor of w and 108.
27
Let c(u) = -2*u**3 - 2*u**2 + 6*u + 6. Let o be c(-5). Calculate the highest common divisor of 110 and o.
22
Suppose v + 15 = -3*g, 0*g + 5*g = 5*v - 5. Let y be ((-18)/4 - v)/(3/(-182)). What is the highest common divisor of y and 39?
13
Suppose -4*f - 4*s = -104, 4*f - 4*s - 51 - 13 = 0. Let v(b) = 2*b**2 - 4*b - 7. Let q be v(7). Calculate the highest common divisor of q and f.
21
Let i be (-76)/(-5) - 2/10. Suppose -2*h = -0*h. Suppose 4*p = r - 37, r + 6*p - p - 55 = h. What is the greatest common divisor of i and r?
15
Let i(w) = w**3 - w**2 - 1. Let s be i(3). Let y = s + -10. Suppose 2*k + 54 = y*j - 2*j, 6 = -3*k. Calculate the greatest common factor of j and 10.
10
Suppose -2*p + 79 = 3*y, 4*y - 7*p + 2*p - 136 = 0. Suppose -22 + 132 = -5*j. Let l = j + y. What is the highest common divisor of l and 28?
7
Let f(h) = -6*h + 55. Let l be f(7). Suppose -4*a + 97 = 3*u, 5*a - 12 - 2 = -u. What is the greatest common factor of u and l?
13
Suppose 55*y - 4029 - 426 = 0. Calculate the highest common factor of y and 45.
9
Suppose 0 = -3*a + 20 + 7. Calculate the highest common divisor of 81 and a.
9
Suppose -4*t - 350 = -14*t. Calculate the greatest common divisor of 1295 and t.
35
Suppose 5*b = 6*b - 10. Let x = 224 + -174. Calculate the greatest common factor of b and x.
10
Suppose 26*a - 1708 = 3622. Calculate the greatest common divisor of a and 41.
41
Suppose b + z - 28 = 0, 80 = 2*b + 3*z + 23. What is the highest common factor of b and 72?
9
Suppose 0 = k - 4 - 11. Let p be -3*(-3)/(-11 + 2). Let d = 7 + p. Calculate the highest common factor of d and k.
3
Let v = 70 + -30. Suppose -9 = -4*o + 11. Calculate the greatest common factor of v and o.
5
Let h be 25 - -2*(-2)/(-4). Suppose 6*k = -65 - 43. Let d be k/117 - (-2006)/h. Calculate the greatest common divisor of 11 and d.
11
Let d be (1224/(-48))/(6/(-160)). What is the highest common factor of 40 and d?
40
Let p(z) = 6*z - 5. Let j be 68/12 + 4/(-6). Let i be p(j). Suppose 5*c - 50 = 5*s, 3*s + 5 + 10 = 0. What is the highest common divisor of c and i?
5
Suppose -2*p - 93 = 379. Let l = p + 684. What is the greatest common factor of 56 and l?
56
Suppose -2*n + 868 = 4*r, n - 150 - 69 = -r. Let k = r - 68. What is the highest common factor of k and 7?
7
Let v(f) be the first derivative of f**4/4 - 8*f**3/3 + 2*f**2 - 8*f + 1. Let a be v(8). Let x = -1 + a. Calculate the greatest common factor of 115 and x.
23
Let b = 2242 + -1488. Calculate the highest common divisor of b and 26.
26
Suppose 3*y - 6 = 0, -165*c + 2*y = -170*c + 304. What is the highest common factor of c and 1140?
60
Suppose 2*u + 5*b = 60, -6*b = -4*b + 8. Calculate the greatest common divisor of 5 and u.
5
Let a(u) = 2*u - 53. Let z be a(29). Suppose -z*l + 29 = -121. What is the highest common divisor of 10 and l?
10
Suppose 31*g = 58 + 35. Let s = 1 - -2. Calculate the highest common divisor of s and g.
3
Suppose -60*v = -52*v - 4864. What is the highest common divisor of v and 32?
32
Let h be (-51)/(-5) + 12/(-60). What is the highest common divisor of h and 25?
5
Suppose 43*b - 34*b = 36. Calculate the greatest common factor of 64 and b.
4
Let x be ((-3705)/39)/((-3)/6). What is the highest common factor of 266 and x?
38
Let q be 555 + 5 + 13 + -3. Calculate the highest common divisor of 171 and q.
57
Suppose -4*n + 76 = -12. Suppose -157 = -4*k + 5*c, 0 = -5*k + 2*c - 36 + 211. What is the highest common factor of n and k?
11
Let a(f) = f**3 - 4*f**2 - 13*f + 18. Let v be a(7). Let b = -60 + v. What is the greatest common factor of b and 14?
14
Suppose a - 8 - 11 = 5*r, -r = a - 1. Suppose -i = 4*u + 3*i - 268, a*u = -2*i + 270. Calculate the highest common divisor of u and 102.
34
Let w(k) = k + 21. Let v be w(-9). Let t be (-7866)/v + 3/(-6). Let r be (-24)/(-132) - t/22. Calculate the highest common divisor of r and 120.
30
Let w = -40 - -86. Let i = w - 20. Suppose -2*m = 5*h - 5, 5*m - 30 = 2*h + i. What is the highest common factor of m and 80?
10
Let i(m) = -6*m + 35. Let d be i(-40). Calculate the greatest common factor of d and 110.
55
Let z(o) = -3*o + 192. Let s be z(-11). Calculate the greatest common divisor of 27 and s.
9
Suppose 16 = -4*t + 104. Let w(i) = -i**3 + 3*i**2 - i + 110. Let z be w(0). Calculate the highest common divisor of t and z.
22
Suppose -5*p + 29 = d, -5*d + 35 + 0 = 3*p. Let s = 48 - 38. Suppose 0 = -d*i + 9*i - s. Calculate the greatest common factor of i and 2.
2
Let v(t) = -10 + 2152*t + t**2 - 2162*t + 0*t**2. Let p be v(11). What is the highest common divisor of p and 1?
1
Let h = 160 - 136. What is the highest common divisor of 72 and h?
24
Suppose 0*d - 20 = 4*d. Let z be d + 4 - 0 - 5. Let c be 12/(-18) + (-580)/z. Calculate the greatest common factor of 12 and c.
12
Let f(h) = 5*h - 5. Let j be f(6). Let u = j - 24. What is the greatest common divisor of 3 and u?
1
Suppose -41*h + 30*h + 462 = 0. What is the greatest common divisor of 84 and h?
42
Let f = -33 - -183. Let b be f - (0 - (1 - (1 - 2))). What is the highest common factor of b and 19?
19
Let q = 53 - 53. Suppose q = -h - h + 40. What is the greatest common factor of h and 4?
4
Let f = 34 - 4. Let v be 12/(-10)*f/(-12). Suppose 575 = 5*n + v*m, 5*n = -4*m + 336 + 244. Calculate the highest common factor of 14 and n.
14
Let w be 52/(-14) + (-12)/42. Let p be (5 + -5)/(-2 - w). Suppose -5*o + 6 = k, p - 2 = 2*o. Calculate the highest common factor of 11 and k.
11
Let y = 1787 + -1149. Calculate the highest common factor of 44 and y.
22
Let p = -18 - -26. Let a(y) = 2*y - 40. Let l be a(12). Let k = 20 + l. What is the highest common factor of p and k?
4
Suppose -5*z + 24 = j - 3*j, -4*z + 2*j = -18. Calculate the highest common divisor of 366 and z.
6
Let h(d) be the first derivative of -d**4/4 + 2*d**3 - 3*d**2 + 6*d + 1. Let a be h(4). Calculate the greatest common factor of a and 70.
14
Let q(n) = -n + 3. Let u be q(-1). Suppose 4*p + 2*w = 2*p + 72, u*p - 147 = -3*w. Calculate the greatest common factor of p and 195.
39
Let a(k) = k**2 - 2*k + 1. Let f be a(3). Let v be f/(-1 + 1 + 1). Let u(z) = -z**2 - 5*z - 4. Let j be u(-3). Calculate the highest common divisor of j and v.
2
Let t be -3*(-10)/(-15) + 5. Let c be (t/(-2))/((-9)/54). Calculate the highest common factor of 36 and c.
9
Suppose -6*c + 21 = -3*c. Let r(v) = v**2 - 4*v + 9. Let q be r(c). Suppose -4*s + 66 = -q. Calculate the highest common divisor of s and 60.
12
Suppose -60 + 185 = k + 5*y, -2*y - 8 = 0. Suppose w = 2*h + 58, -w + 78 - 20 = -3*h. Calculate the highest common factor of k and w.
29
Suppose i = 5*x - 5, 12 = 4*i - 3*x - 2. Suppose -2*w - 4 = -4*w, -w = -g + 14. Suppose g = -r + i*r. Calculate the highest common divisor of 24 and r.
4
Suppose -14*p = 25*p - 75348. What is the highest common factor of p and 84?
84
Let r = -14 + 23. What is the greatest common factor of 27 and r?
9
Let n be (-8 + 3)*(-6 + -2). Let u(i) = 1. Let z(r) = -3*r + 16. Let g(d) = -6*u(d) - z(d). Let v be g(9). What is the greatest common factor of v and n?
5
Let j(s) = -30*s + 231. Let f be j(6). What is the highest common divisor of f and 629?
17
Let r be (3/1)/((-3)/(-3)). Let t be (-3)/(r*1/(-26)). Calculate the greatest common factor of t and 91.
13
Let w(s) = 2 + s + 0*s + 13 - 2. Let f be w(-4). Let d = f + 4. What is the greatest common divisor of d and 39?
13
Let m = 17 + -29. Let n be (-20)/(-6)*m/(-5). Suppose -n*b + 45 = -3*b. What is the highest common divisor of b and 9?
9
Let k(b) = -26*b - 24. Let j be k(-12). Let g be -2*(-2)/24 + 10896/j. What is the highest common factor of g and 57?
19
Let a be 50/15 - 8/(-12). Suppose -16 = -2*q - 2*c, a*